mon divisor of 1725 and o.
75
Let n(j) = -20*j - 1200. Let x be n(-60). Suppose -8 - 7 = 5*p, -4*h - 2*p = 66. Let w be 18*(h/(-10) - x). Calculate the greatest common factor of w and 3.
3
Suppose -4*d = 2*r - 566, 4*r + 239 = 2*d + 1331. Let k be 5 - (-2 - 6 - 397). Suppose -k + 190 = -4*b. What is the greatest common divisor of r and b?
55
Let p(y) = -y**3 - 3*y**2 - 5*y - 6. Let l be p(-3). Suppose -3*h = 3*u - l, 10*u - 4 = 6*u. Calculate the highest common factor of h and 14.
2
Let x be 164481/436 + (-3)/(-4). What is the greatest common divisor of 28 and x?
14
Let q be (9/2)/9*(360 - -4). Let l = 24 + -10. What is the highest common divisor of l and q?
14
Let h = 42 + -31. Suppose 5 = 4*i - h. Suppose -i*f + 0*c - 4*c = -468, 2*f - 262 = 5*c. What is the greatest common factor of 11 and f?
11
Let i = -393 + 423. Suppose -m - 2*m - 562 = -5*w, 4*w - 4*m = 456. What is the highest common divisor of w and i?
10
Let u be 2 + 1 - (0 + (-22 - 0)). Let d = u - 18. Suppose -z = c - 18, -3*c - 8 = -d*c. Calculate the greatest common divisor of 2 and z.
2
Suppose 1 + 104 = 7*p. Suppose -p*z = 25*z - 1520. What is the greatest common factor of 133 and z?
19
Let j(i) = -3*i**3 - 40*i**2 + 68*i - 24. Let b be j(-15). Let y(o) = 8*o**2 + 4*o + 3. Let l be y(-2). Calculate the highest common divisor of l and b.
27
Let b = 1568 - 1502. What is the highest common factor of b and 84?
6
Suppose 2*g + 7*u - 109 = 0, 2*g = 4*u + 22 + 10. Calculate the greatest common divisor of 7230 and g.
30
Suppose 39 = j + 32, -o - 2*j = -554. Let z = -23 + 43. Calculate the greatest common factor of o and z.
20
Suppose 0 = 19*j - 1079 - 156. Calculate the greatest common factor of 1664 and j.
13
Let z = -1485 + 1590. What is the highest common factor of 3045 and z?
105
Let n be (2340/(-80))/(2/(-40)). Suppose 5*o + 8*o = n. What is the greatest common factor of 15 and o?
15
Let u be (3 - 114/(-4))*(-1)/((-12)/8). What is the highest common divisor of 3 and u?
3
Suppose -5*m + k + 419 = 0, -3*m = -8*m - 4*k + 424. Suppose -16*o + 2*s = -18*o + m, -5*o - 3*s = -206. Calculate the highest common factor of o and 110.
10
Suppose 1840 = -33*g + 38*g. Let l = 558 - g. Suppose -3*q + l = -5. What is the highest common divisor of 13 and q?
13
Let a(k) = -12*k - 182. Let g be a(-15). Let t be (708/(-9) + g)*-3. What is the highest common divisor of 88 and t?
22
Suppose 53*s - 41879 = 14*s - 383. What is the greatest common divisor of 1976 and s?
152
Let n be -4*((-1841)/(-14) - -8). Let t = -518 - n. Calculate the greatest common factor of 680 and t.
40
Let r = 713 - 533. Let y = 40 - 64. Let z be (-9 - y)*(-1 - -4). Calculate the highest common divisor of z and r.
45
Let j(z) = 5*z**2 + 4*z - 6. Let o(y) = 9*y**2 + 10*y - 10. Let t(v) = -7*j(v) + 4*o(v). Let a be t(12). What is the highest common factor of a and 10?
10
Let g be (2 + -1)*(2 + 2). Suppose -l + c = -7 - g, -2 = 2*c. What is the greatest common factor of l and 250?
10
Suppose -145 + 127 = -3*h. Suppose 0*a = -a + 7. Suppose 2*l = a*l - 240. Calculate the highest common divisor of h and l.
6
Suppose 5*b = -r + 26142, r - 1338 - 24780 = 3*b. Calculate the highest common factor of 18 and r.
9
Let u be (-1)/(6/(-328)) - (-2)/(-3). Suppose i - 10*i + u = 0. Let o be i/(-10) - 2830/(-50). What is the highest common factor of o and 42?
14
Suppose -3*a = a - 456. Suppose -2*w + 2*v = -6, -4*v = 5*w - 0*w - 15. Let o be (9/5)/((-6)/(-10)) + w. Calculate the highest common factor of a and o.
6
Suppose 0 = 3*t + 4*q - 63, -5*t - 3*q - 2*q + 105 = 0. Let m = 4920 - 4906. What is the highest common divisor of t and m?
7
Suppose -5*y + 40 = -0*y. Suppose 0 = -9*o + 12*o - 4*l - 164, -5*l - 163 = -3*o. What is the greatest common divisor of y and o?
8
Let v be 8/88 - (-3)/(-33). Suppose v = u - 30 - 42. What is the highest common factor of 24 and u?
24
Let c(a) = 3*a**2 + 9*a + 21. Let k be c(-9). Suppose -k - 97 = -4*s. Calculate the highest common divisor of s and 20.
10
Suppose -4*x + 47 = -53. Let l be 23*((-350)/(-42))/(1/3). What is the greatest common divisor of l and x?
25
Suppose 9*o = 17*o - 16. Let b be -41*(1 - -2)*o/(-6). What is the greatest common divisor of 369 and b?
41
Let d = -39 + 37. Let t be (-21)/2 - 1/(-16)*-8. Let n be (-9486)/(-99) + d/t. What is the greatest common divisor of 64 and n?
32
Let h = -30 + 35. Let a be -1 - h*(1 - 2). Calculate the greatest common divisor of a and 4.
4
Let z = -41459 + 41594. Suppose -2 = 3*q - 17. Suppose 0 = q*r - 5*p + 17 - 272, -4*p = 5*r - 282. What is the greatest common divisor of z and r?
27
Let t = -602 + 782. Suppose 3*b - 12 = 4*x, 5*x - 3*x = 4*b - 16. Calculate the greatest common divisor of t and b.
4
Suppose -3*j + 14 = 2*x - 18, -71 = -4*j + 3*x. Suppose 233*i - 637 = 226*i. What is the highest common factor of j and i?
7
Let m = -5880 + 11292. Calculate the highest common divisor of m and 36.
12
Suppose 18*u + 5*k - 136 = 16*u, 4*k + 216 = 4*u. Suppose -4*d + 3*f + 187 = -u, d = -4*f + 66. Calculate the greatest common divisor of d and 248.
62
Suppose x = t + 32, 24*x + 5*t = 21*x + 56. What is the highest common factor of 1269 and x?
27
Let q(o) = 2*o**2 - 14*o + 15. Let g be q(7). Let w be ((-102)/4)/(12/(-72)). Let r = w - 33. What is the greatest common divisor of r and g?
15
Let l = 454 + -718. Let k = -222 - l. Calculate the highest common factor of k and 42.
42
Suppose -2*c = -r + 108, 344 = 2*r + 5*c + 110. Calculate the highest common divisor of r and 16.
16
Let f(t) = -t**2 - 7*t + 10. Let x be f(-8). Suppose -171*p + 5*a = -166*p - 495, 3*p + 5*a - 305 = 0. What is the greatest common factor of p and x?
2
Suppose -3*y + 674 + 189 = m, m - 866 = -4*y. Calculate the highest common factor of 322 and m.
14
Let l = -249 + 258. Let q = l + 117. Calculate the highest common factor of q and 70.
14
Suppose 3*t - r = 7876 - 2212, -2*t = 2*r - 3768. What is the greatest common divisor of 333 and t?
111
Suppose 0 = 5*c - 148 + 243. Let a(q) = -3*q**2 - 65*q + 1. Let i be a(c). What is the highest common factor of i and 9?
9
Let f = -1314 + 1342. What is the highest common factor of f and 6447?
7
Let v be (58*(-4)/(-8))/1. Suppose -3*a = -b - v, -4*b = 28*a - 33*a + 46. Calculate the greatest common divisor of 190 and a.
10
Let b be -7 + ((-66)/(-11) - -118). Calculate the greatest common factor of b and 273.
39
Suppose g + 4*k - 594 = 0, 4*g - 2098 = -2*k + 292. Let x = g - 581. Calculate the greatest common factor of 493 and x.
17
Suppose -2098 = -3*i + 2*d, -4*i = 5*d - 650 - 2178. Suppose -40*z - 338 = -53*z. Calculate the greatest common factor of z and i.
26
Let s = -329 - -335. Let n be ((-1560)/(-416))/(1/(368/s)). Calculate the greatest common factor of 10 and n.
10
Let d be 28/(6372/1272 - 5). Calculate the highest common factor of 56 and d.
56
Let m be 3 - 8/4 - (4 - 21). Calculate the greatest common factor of m and 729.
9
Let z = -99 - -104. Let v be (-56)/(-5) - 1/z. Let n(m) = -m**2 - m + 11. Let r be n(0). Calculate the greatest common divisor of r and v.
11
Let j be 1308/(1 - (-8)/(-12)). Calculate the highest common factor of 36 and j.
36
Suppose -5*g = -3*g - 72. Let u(k) = 2*k**3 + 2*k**2 + 5*k - 4. Let x be u(2). Suppose x*y = 25*y + 45. What is the highest common divisor of g and y?
9
Let n be 14*-1*(20/5)/(-8). Let l be -16 - 5/((-20)/12). Let b = l - -41. What is the greatest common divisor of n and b?
7
Suppose -16 = -3*d + 2*d. Suppose -3*w - 21 = -3*a, 388 = -4*w + 2*a + 376. What is the greatest common divisor of w and d?
1
Let y(v) = 207 - 92 - 35*v - 75 - 2*v**2. Let d be y(-18). What is the greatest common divisor of d and 418?
22
Let a = 40 + -40. Suppose a = -12*x + 309 + 303. What is the greatest common factor of 3 and x?
3
Suppose -3*l + 18 = 2*y, -4*l + 9*l = y + 17. Suppose 2*q = 2*f - 122, y*f - 3*q - 177 = -6*q. What is the greatest common factor of f and 8?
4
Let g = 4816 - 3754. What is the greatest common factor of g and 54?
18
Let b = -204 - -207. Suppose -4*x + 4*w = -1420, 4*x - b*x - 3*w = 345. What is the highest common factor of 16 and x?
8
Suppose -802 + 544 = -2*d + 2*l, -2*d + 237 = -5*l. What is the greatest common divisor of d and 1292?
68
Let a be (2/8 - 314/8)*(-6 + 3). What is the highest common divis